 + 165 = m, m - 3*a = 60 + j. What is the hundreds digit of m?
1
Suppose 0 = 2*y - 2*s + 2 - 6, 4*y - 2*s = -2. Let c be 8/(-6)*y - 0. Let i(u) = u**3 + 6*u - 5. What is the tens digit of i(c)?
8
Suppose 1064078 = 53*n - 2109827. What is the units digit of n?
5
What is the hundreds digit of 1*(-19070)/(-5) + (-125)/25?
8
Suppose 202*m - 22244475 = 193*m - 286*m. What is the thousands digit of m?
5
Let a(i) = 3*i + 42. Let v be a(-13). Suppose -5*r + 4*n = 26, 4*r + 24 - 3 = v*n. Let c(y) = y**3 + 5*y**2 - 5*y + 7. What is the units digit of c(r)?
1
Let o be (6/15)/((-6)/30). Let u(r) = r**3 + 3*r**2 + r + 2. Let b be u(o). Suppose -b = -3*w - 1, 5*w - 13 = -4*n. What is the units digit of n?
2
Let w = 3737 + -3721. Suppose t - y = -3, 6 = 4*y - 6. Suppose -3*h = q - 11, t*h + w = 2*h + 5*q. What is the units digit of h?
3
Suppose 42*z = -4*k + 45*z + 10129, -3*z = -15. What is the thousands digit of k?
2
Suppose -2*z + 4 = -6. Suppose 0 = -o - 4*s + 6 + 7, -7 = -3*o + 4*s. Suppose -z*a - 3*b = -440, 3*b = o*a - a - 325. What is the units digit of a?
5
Suppose -87*p + 887771 = -603654 - 96412. What is the hundreds digit of p?
2
Let s(h) = -92*h + 171. Let o be s(10). Let l = o - -1169. What is the tens digit of l?
2
Suppose 343*k + 15926 = 345*k. Suppose 22*l - k = -1517. What is the units digit of l?
3
Let m(b) = -6*b + 7. Let q be m(-11). Let t = q + -71. Suppose -8*j + 1170 = t*j. What is the tens digit of j?
1
Let p = -24850 - -34997. What is the hundreds digit of p?
1
Let y(u) = 18*u**2 + 5*u - 4. Let q = -86 + 34. Let i be q/(-13) - (2*4 - 0). What is the hundreds digit of y(i)?
2
Let c(a) = -5*a**3 - 4*a**2 - 45*a - 168. What is the thousands digit of c(-8)?
2
Suppose -4*a = 2*z - 24 - 24, -2*z + 15 = a. Let g = -157 - -287. Let i = g + a. What is the tens digit of i?
4
Let v be 4442/3 + 18/(-27). Suppose -7560 = -10*m + v. What is the tens digit of m?
0
Let d = 1422 + -1419. Let l = 0 + 2. Let k = d + l. What is the units digit of k?
5
Let h = -805 - -40507. What is the hundreds digit of h?
7
Suppose 30*d - 25*d = -4*a + 2952, 2*a + 1802 = 3*d. What is the tens digit of d?
9
Let c(r) = -224*r - 106. What is the units digit of c(-12)?
2
Let l(v) = v**2 + 6*v + 14. Let y be l(-5). Suppose 4216 + 464 = y*x. What is the units digit of x?
0
Let u(k) = k**3 + 130*k**2 + 4*k - 57. What is the tens digit of u(-21)?
2
Let m(c) = 10*c**2 - 97*c - 31. Let w be m(28). Suppose -w = -5*i + r, -10*r + 2 = -9*r. What is the hundreds digit of i?
0
Suppose -15*i + 9*i = -60. What is the units digit of 87/145 - (-534)/i?
4
Let n(p) = 32*p**2 - 1198*p - 87. What is the thousands digit of n(71)?
6
Let b be (-105)/10*(-432)/(-14). Let f = -39 - b. What is the hundreds digit of f?
2
Let j = 19 + -17. Suppose 3*n - 647 - 374 = -4*h, 0 = -j*h - n + 511. What is the hundreds digit of h?
2
Let y be (1 - -1) + 1 + 1 + -1. Suppose -3*u = y*u - 1104. Suppose 140 = 3*k + c, 4*k + 0*c = -4*c + u. What is the tens digit of k?
4
Let u = -494 - -1290. Suppose -u = -71*p + 67*p. What is the tens digit of p?
9
Let a = 18841 - 7036. What is the ten thousands digit of a?
1
Let o(l) = l**3 + 6*l - 5. Let c be o(3). Suppose 36*b - c*b + 1032 = 0. What is the units digit of b?
8
Suppose b + 5*o = 3303, -2*o - o = -3*b + 9837. Suppose 8*c = 15*c - b. What is the tens digit of c?
6
Let d be 1*4/(-8)*-4. Let v(z) be the second derivative of z**5/4 + z**4/4 - 7*z**3/6 + 5*z**2/2 + 31*z. What is the units digit of v(d)?
3
Suppose -226*c + 1395512 + 6507292 = 1058620. What is the units digit of c?
4
What is the ten thousands digit of 41*5196/16*(-12)/(-9)?
1
Let n = -11 + 21. Let j(c) = -20 + 10*c - 2 - 10 + n. What is the hundreds digit of j(15)?
1
Suppose 24*r + 64 = -80. Let c be -5*(-5)/((-25)/2). What is the tens digit of (-38 - c)*(27/r - -4)?
1
Let w(u) = 1304*u**3 + 5*u**2 - 36*u - 11. What is the hundreds digit of w(3)?
1
What is the thousands digit of ((-225760)/(-56))/(360/(-63) + 6)?
4
Let z be ((-2)/11)/(4/(-44)). Suppose -c - 408 = -0*l - 2*l, -z*c = 5*l - 1029. What is the hundreds digit of l?
2
Let l(j) be the third derivative of 5*j**4/6 - 9*j**3/2 - 29*j**2 + 2. What is the hundreds digit of l(16)?
2
Let p(m) = 7*m**2 + 9. Suppose 4*j - k = 0, 6*j - 3*j + 5 = 2*k. Suppose -3 = -3*f + f - 5*x, j = -f - 5*x. What is the units digit of p(f)?
1
What is the units digit of (-454924)/(-10) - ((-28)/20 - 18/(-10))?
2
Let j(n) = 6*n**2 - 2*n + 1. Let i be j(1). Let p(w) = 23*w**2 + 34*w + 122. Let h be p(-5). Suppose -i*c = -h - 453. What is the units digit of c?
6
Let w(a) = 41*a + 16. Let y(h) = -h**3 + 6*h**2 + 5*h + 21. Let t be y(7). What is the tens digit of w(t)?
0
Suppose 3*g + g - 4*c - 32 = 0, -25 = 5*c. Suppose -338 = 4*h + g*l, -3*l - 7 = -h - 84. What is the units digit of -1 + -1 - (h - (-6 + 4))?
9
Let s be (-3)/(9/6) + (-476)/(-2). Suppose g - 187 - s = 0. What is the hundreds digit of g?
4
Suppose 0 = 21*v - 26*v - 170. What is the tens digit of v/(-20)*458 + 4/10?
7
Suppose 2*f - 19 = -5*b + 1, 0 = 4*b - 2*f + 2. Suppose -b*o + 594 = y + 3*y, 2*y - 5*o - 267 = 0. What is the tens digit of y?
4
Let h(k) = -2*k**3 + 21*k**2 - 17*k + 70. Let f(t) = 5*t**3 - 43*t**2 + 34*t - 137. Let l(j) = -3*f(j) - 7*h(j). What is the hundreds digit of l(-20)?
3
Let j be ((-40428)/(-378) - (-4)/(-14))*33. Suppose 3*v - j = -h, 11*h - 7*h - 3523 = -3*v. What is the thousands digit of v?
1
Suppose 0 = 4*d - 16, 3*a - 2*d - 17033 - 1748 = 0. What is the hundreds digit of a?
2
Suppose -18*k - w = -19*k + 16969, 5*k - 84825 = w. What is the units digit of k?
4
Let s = 16413 - 10098. What is the tens digit of s?
1
Suppose 4*k - 742 = -5*z + 2682, -2*k - 5*z + 1702 = 0. Suppose -230*p = -227*p - k. What is the tens digit of p?
8
What is the hundreds digit of ((-69208)/123)/(4/14 - (-48)/(-126))?
9
Let z(g) = -5*g - 80. Let c be z(-16). Suppose 4*i = a - 492, 2*a + 4*i - 324 - 600 = c. What is the units digit of a?
2
Let d = -202 + 378. Suppose -d = 7*c - 11*c. What is the units digit of c?
4
Suppose d = 5*d - 5*a + 4279, -4*d - 4273 = -3*a. Let m = d + 1564. What is the tens digit of m?
9
Suppose 6*c + 4*h - 52 = 4*c, 5*h = -5*c + 150. Let j(o) = o**3 - 34*o**2 + 25*o + 82. What is the hundreds digit of j(c)?
9
Let q = -33 - -59. Let y(f) = -3*f + 91. Let t be y(26). Let n = q - t. What is the units digit of n?
3
Let d = 9421 - 1907. Suppose 20*n - 3*n - d = 0. What is the tens digit of n?
4
Suppose -3*w + 26474 = 2*z, z - 2*w - 4139 - 9091 = 0. What is the ten thousands digit of z?
1
Let i = -7775 + 25439. What is the hundreds digit of i?
6
Let f = -38 + 59. What is the units digit of ((-7)/(f/(-39)))/(1/5)?
5
Let g be (-3 + 3)*(-1)/2. Suppose -i + g*i - 48 = 0. Let b = 117 + i. What is the units digit of b?
9
Suppose -40851 - 487201 = -28*f. What is the units digit of f?
9
Suppose -5*n + 2*i - 558 = -69210, 8*n - 5*i - 109845 = 0. What is the hundreds digit of n?
7
What is the hundreds digit of (-66)/(-462) - 2798/(-14)?
2
Let s(g) = -g - 4. Let o be s(-4). Suppose 0 = 3*z - 5*p - 27, o*z + 1 = z + p. Suppose z*w - 239 = 21. What is the units digit of w?
5
Let u be 1 - 2/5*(-5)/(-2). Suppose 5*z + 4*w - 2492 = u, -7*z + 5*w + 1969 = -3*z. What is the tens digit of z?
9
Let f(k) be the second derivative of -11*k**4/6 - 23*k**3/6 + 5*k**2 + 4*k. Let j be f(-10). What is the units digit of ((-36)/(-14))/((-84)/j)?
0
Let i(t) = -2*t**3 + 2*t**2 - t + 196. Let b be i(0). Suppose 2*v + b - 1040 = 5*y, -2*v - 5*y = -824. What is the hundreds digit of v?
4
Suppose 201 = -2*l + 51. Let o = 75 + l. Suppose 3*u - 4*b = 4*u - 4, o = -2*u - 2*b + 38. What is the tens digit of u?
2
Suppose 2*i - 2*n + 579 = 8541, 3*n = 15. What is the units digit of i?
6
Let d be ((-3)/1 - -6) + (-2568)/(-2). Suppose 3*c - 2*z - d = 0, -3*z + 1403 - 131 = 3*c. What is the tens digit of c?
2
Suppose -16*p - 881 - 143 = 0. Let a = p + 682. What is the tens digit of a?
1
Let f = -12 + 12. Suppose -6*q + 8*q - 10 = f. Suppose q*z = -3*a + 187, -3*a - 4*z - 14 + 196 = 0. What is the units digit of a?
4
Let f = 165 - 164. Let l = -274 - 998. What is the tens digit of f/5 + l/(-15)?
8
What is the units digit of (-15)/((-315)/168)*1091?
8
Let x be (7 - 68/10) + (-3753)/15. What is the thousands digit of 2/((-4)/x)